((-1854)/c)/(4/(-6)) is divided by 26.
25
Suppose 3*z + z = 44. Suppose 2*t - 3*x = z + 26, 5*x = 5*t - 100. Let c = -15 + 23. Calculate the remainder when t is divided by c.
7
Let l = -94 - -97. Suppose -l*k - 27 = -3*z - z, -z + k = -6. Calculate the remainder when 38 is divided by z.
2
Let k(z) = 4*z**2 + 3*z**3 + 0*z - 3*z + z**3 - 3*z**3 + 1. Suppose 19*i - 115 = -1. What is the remainder when k(-4) is divided by i?
1
Suppose -4*g = g - 150. Let k be (-4 + 0 - -1)*62/(-6). What is the remainder when g is divided by k/4 + ((-50)/(-8) - 6)?
6
Suppose 2*v - 317 = -5*g, 5*v + 2*g - 456 = 389. Calculate the remainder when v is divided by 35.
31
Let i(p) = 2*p**3 + 19*p**2 + 4*p - 9. Suppose 4*b - 282 = 2*b. What is the remainder when b is divided by i(-9)?
33
Suppose -2*o = -2*d, -3*d - d - 28 = 3*o. Let s be (10/4)/(d/8). Calculate the remainder when 40 is divided by 25/10*(-42)/s.
19
Suppose -3*t + 82 = -k, 0*t = 3*t + 5*k - 112. Calculate the remainder when 37 is divided by t.
8
Let d(u) = 2*u + 56. What is the remainder when 318 is divided by d(4)?
62
Let f(p) = -36*p**3 + 1. Let l(y) = -21*y + 25. What is the remainder when l(-4) is divided by f(-1)?
35
Calculate the remainder when 33 is divided by 274*(-12)/(-192) + 1/(-8).
16
Let y(v) = 5*v - 21. Let t be y(6). Let l be (-1)/4 - 21/(-4). Suppose -l*h - 2*g + 84 - 5 = 0, -3*g - t = -h. What is the remainder when 58 is divided by h?
13
Let j(y) = y**3 + 20*y**2 + 31*y + 424. Let r(n) = -7*n - 6. What is the remainder when j(-19) is divided by r(-8)?
46
Suppose 44*b - 32*b = 2484. What is the remainder when b is divided by 30?
27
Let o(s) be the third derivative of -s**4/24 - 2*s**3/3 + 8*s**2. Let k be o(-6). Calculate the remainder when 9 is divided by (-42)/(-35)*5/k.
0
Suppose -2*p + 204 = 4*x - 222, 94 = x + 3*p. Calculate the remainder when x is divided by 14.
11
Let h = 66 - 138. Let n = h - -116. Let z = -18 - -30. What is the remainder when n is divided by z?
8
Calculate the remainder when 49 is divided by ((-5 - -32)/(-3))/(3/(-9)).
22
Let n = -566 - -610. Calculate the remainder when n is divided by 27.
17
Suppose 4*x = -p + 13, -5 - 3 = -3*x + p. Suppose 15 = 2*t - t + x*o, 0 = -t + 2*o + 35. What is the remainder when t is divided by 15?
12
Let i be -1 + 1 + 0 + 5. Suppose -11 = -5*l + 2*l - 5*o, -l - 3*o = -i. Let j = -2291 + 2294. Calculate the remainder when j is divided by l.
1
Let h(g) = 3*g**3 + 4*g**2 - 5*g + 15. Let t(i) = -2*i**3 - 5*i**2 + 6*i - 14. Let x(o) = 3*h(o) + 4*t(o). Calculate the remainder when 10 is divided by x(7).
1
Suppose -2 = h - 2. Suppose -27 = -5*p + 3*p - m, h = 4*p + 5*m - 51. Let x = -2 - -28. What is the remainder when x is divided by p?
12
Let v be 4/18 + 190/(-45). Calculate the remainder when (-1*54 - -1)/(-1) is divided by 8*(2 - v/(-16)).
11
Let m be ((-472)/20)/(4/(-10)). Suppose -m = 5*k - 189. Calculate the remainder when k is divided by 10.
6
Suppose 0 = 5*k + 2*b - 0*b - 1301, 2*k = 2*b + 512. Calculate the remainder when k is divided by 26.
25
Suppose -5*m + 3*r + 57 = 0, -17 = -9*m + 8*m + 2*r. What is the remainder when 280 is divided by m?
1
Suppose 0 = 2*b - 4, 0*b + 1714 = 3*o + 5*b. Suppose -57 = 7*v - o. What is the remainder when v is divided by 19?
16
Calculate the remainder when 33 is divided by 9 + -1 + -55 + 54.
5
Let i = 198 + -113. Let q = i - 68. Calculate the remainder when 49 is divided by q.
15
Let f(u) = -5*u - 5. Suppose -2*d - 11 - 7 = 0. Suppose 0 = -3*b - 2*b + 4*w + 101, 3*b - 66 = -3*w. Calculate the remainder when f(d) is divided by b.
19
Let k be ((-268)/(-6))/(8/12). Suppose -2*p = x - 7, 0 = -0*x - 5*x - 2*p + k. What is the remainder when x is divided by 4?
3
Let x(a) = -9*a - 385. What is the remainder when 12 is divided by x(-43)?
0
Suppose 33*r = 7*r + 962. What is the remainder when 37 is divided by r?
0
Let p = -8 + -6. Let f = 57 + p. What is the remainder when 170 is divided by f?
41
Let o = -14 - -29. Suppose -5*q - 3*g - 90 = 0, -q - q - 4*g = 22. Let n = q - -30. Calculate the remainder when o is divided by n.
6
Let r be -2 - 9/(-3) - -3. Let j(i) be the third derivative of i**6/120 - i**5/30 - i**4/8 + i**3/2 + 2*i**2. What is the remainder when j(r) is divided by 8?
7
Let p = 22 - -15. Let d(i) = i**3 - 2*i**2 - 4*i - 2. What is the remainder when p is divided by d(4)?
9
Let u = -33 + 38. What is the remainder when 43 is divided by u?
3
Let t = -27 + 147. Let n = -63 + t. What is the remainder when n is divided by 16?
9
Let v(g) = -3*g**3 - 4*g**2 - 2*g + 1. Let b be v(-2). Suppose b*d - 274 = 11*d. What is the remainder when d is divided by 36?
29
Let h = 49 - 11. What is the remainder when h is divided by (-2 + (-258)/(-12))*(-4)/(-6)?
12
Let l = -198 + 228. Calculate the remainder when l is divided by 24.
6
Let i(c) = 2*c - 2. Let u = -8 + 13. Let o = -31 - -54. What is the remainder when o is divided by i(u)?
7
What is the remainder when 73 is divided by 4/(-14) - (-1936)/308?
1
Let m(r) = -8*r - 37. Let y be m(-5). Let u(l) = l**3 + 7*l**2 - 4*l - 4. Let i be u(5). Suppose -3*t + i = y*t. What is the remainder when t is divided by 16?
14
Suppose -117*z + 122*z - 1245 = 0. What is the remainder when z is divided by 12?
9
Let d = -14 + 14. Suppose -p = -u + 4, -3*u + 3*p - 4*p + 32 = d. What is the remainder when 34 is divided by u?
7
Let n(l) = l**3 + 17*l**2 + 10*l + 19. Calculate the remainder when n(-16) is divided by 61.
54
Calculate the remainder when 30/120 - (-71)/4 is divided by 7.
4
Suppose -4*s + 0*k = -5*k - 34, 3*k = 6. What is the remainder when 63 is divided by s?
8
Let z = -81 - -100. What is the remainder when 66 is divided by z?
9
Calculate the remainder when (-20655)/(-25) + 12/(-10) is divided by 59.
58
Suppose 5*i - j = 145, 5*i - 2*j - 226 + 86 = 0. Let q(c) be the second derivative of 2*c**3/3 - c. Calculate the remainder when i is divided by q(4).
14
Calculate the remainder when 88 is divided by (-3)/(-5) + (37926/(-35))/(-14).
10
Suppose 18*h = 2531 - 281. Let j = -113 + h. What is the remainder when 49 + -2 + (-1 - -1) is divided by j?
11
Let l be 7 - (-3)/(3/(-2)). Suppose 3*j = -2*k + 135 - 21, -l*j + k + 190 = 0. Let z = j - 17. Calculate the remainder when z is divided by 12.
9
Let r(o) = -43*o - 1. Let g(w) = -w**3 + 4*w**2 - w + 3. Let j be g(4). Let v be r(j). What is the remainder when v + (3 - 1 - 0) is divided by 15?
14
What is the remainder when 148 is divided by 3*(-1 + 15) + -3?
31
Suppose -5*c - 3*j - 187 = -10*c, 0 = -j - 4. Let q = 3702 + -3563. What is the remainder when q is divided by c?
34
Let b(a) = 2*a**2 - 3. Let g(f) = f**3 + 9*f**2 + 14*f + 3. Let w be g(-7). Calculate the remainder when 88 is divided by b(w).
13
Let g(n) = n - 11. Let z be g(11). Suppose -8*o - 6*o + 658 = z. What is the remainder when o is divided by 16?
15
Suppose -65 = -4*t - 21. Suppose v + 4*a + 2 = 5, -v = -4*a - t. Calculate the remainder when 16 is divided by v.
2
Calculate the remainder when 36/72*872/2 + 0 is divided by 55.
53
Let y = -21 + 37. Let x = -1 - -7. Let b = 3 + x. Calculate the remainder when y is divided by b.
7
Let m = -5 + 7. Let u(i) = i**3 - 15*i**2 + 19*i - 67. What is the remainder when u(14) is divided by m?
1
Suppose -6 - 10 = -4*g. Suppose 132 = -g*u - 0*u. Let l = u + 60. Calculate the remainder when l is divided by 15.
12
Let s(f) = 18*f + 282. Suppose 3*l + 2 = 5*v + 55, -2*l - 4*v + 28 = 0. What is the remainder when s(-14) is divided by l?
14
Suppose 0*o = -o - 2. Calculate the remainder when (75/10)/((-2)/(-4)) is divided by o/(-5) - 84/(-15).
3
Suppose -10*b + 252 = 8*b. Calculate the remainder when 24 is divided by b.
10
Let s = 186 - 178. Calculate the remainder when 174 is divided by s.
6
Let r = -177 - -273. What is the remainder when 1437 is divided by r?
93
Let m(b) = 2*b**3 + 7*b**2 + 2*b + 8. Let f be m(-4). Calculate the remainder when f/(-12)*(-3 + 15) is divided by 6.
4
Let n be (-22)/(-6) + (-2)/3. Suppose g - 5*g = -3*x - 42, n*g - 33 = 3*x. Let w = 32 - 7. Calculate the remainder when w is divided by g.
7
Let l(s) be the third derivative of 2*s**2 - 1/12*s**5 + 0 - 1/120*s**6 - 2/3*s**3 - 1/6*s**4 + 0*s. What is the remainder when l(-6) is divided by 19?
18
What is the remainder when (20 + 6 + -12)/(6/423) is divi